{"id":7139,"date":"2025-07-07T13:38:43","date_gmt":"2025-07-07T13:38:43","guid":{"rendered":"https:\/\/decker-co.de\/de\/?page_id=7139"},"modified":"2026-08-29T11:48:21","modified_gmt":"2026-08-29T11:48:21","slug":"karriere","status":"publish","type":"page","link":"https:\/\/decker-co.de\/de\/karriere\/","title":{"rendered":"Karriere"},"content":{"rendered":"\n<div class=\"et_pb_section_0 et_pb_section et_section_regular et_block_section\"><div class=\"et_pb_row_0 et_pb_row et_block_row preset--module--divi-row--048d8e79-b07f-439b-bd57-f41c14f0a56b\"><div class=\"et_pb_column_0 et_pb_column et_pb_column_4_4 et-last-child et_block_column et_pb_css_mix_blend_mode_passthrough\"><div class=\"et_pb_heading_0 et_pb_heading et_pb_module et_block_module preset--module--divi-heading--c33f07d9-41e0-421a-8799-5799df695cce\"><div class=\"et_pb_heading_container\"><h2 class=\"et_pb_module_header\">Komm ins Team von decker&co<\/h2><\/div><\/div><div class=\"et_pb_text_0 et_pb_text et_pb_bg_layout_light et_pb_module et_block_module preset--module--divi-text--2c55a9c4-feed-423b-9edb-ae0b5b365cac\"><div class=\"et_pb_text_inner\"><p><span>Du\u00a0 arbeitest gerne auf Augenh\u00f6he? M\u00f6chtest ein Team das gemeinsam die Aufgaben bew\u00e4ltigt und sich unterst\u00fctzt? Dann bist du bei uns genau richtig. Wir sind immer auf der Suche nach neuen Teammitgliedern, die Lust haben mit uns gemeinsam etwas zu erreichen. Wir m\u00f6chten Dich und unser Team voran bringen. Warum? Weil wir der Meinung sind, umso besser das Team, umso sch\u00f6ner die Zukunft. M\u00f6chtest du ein Teil davon sein? Dann komm ins Team von <strong>decker&amp;co!<\/strong><\/span><\/p>\n<\/div><\/div><div class=\"et_pb_module et_pb_button_module_wrapper et_pb_button_0_wrapper preset--module--divi-button--1bffc0fc-42a0-49d1-bd9a-ae3ade2d7206_wrapper\"><a class=\"et_pb_button_0 et_pb_button et_pb_bg_layout_light et_pb_module et_block_module preset--module--divi-button--1bffc0fc-42a0-49d1-bd9a-ae3ade2d7206\" href=\"#AP_Karriere\" data-icon=\"9\">Deine pers\u00f6nliche Ansprechperson<\/a><\/div><\/div><\/div><\/div><div class=\"et_pb_section_1 et_pb_section et_section_regular et_block_section\"><div class=\"et_pb_row_1 et_pb_row et_pb_equal_columns et_block_row preset--module--divi-row--5138c454-be54-4233-bd3b-f8e6a8747976\"><div class=\"et_pb_column_1 et_pb_column et_pb_column_1_3 et_block_column et_pb_css_mix_blend_mode_passthrough et_clickable preset--module--divi-column--73121f80-a3ef-4484-8763-c3f18e3c56d2\"><div class=\"et_pb_image_0 et_pb_image et_pb_module et_block_module\"><span class=\"et_pb_image_wrap\"><img loading=\"lazy\" decoding=\"async\" src=\"https:\/\/decker-co.de\/wp-content\/uploads\/2025\/07\/AS_922294641_800X450-1.jpg\" width=\"1000\" height=\"675\" srcset=\"https:\/\/decker-co.de\/wp-content\/uploads\/2025\/07\/AS_922294641_800X450-1.jpg 1000w, https:\/\/decker-co.de\/wp-content\/uploads\/2025\/07\/AS_922294641_800X450-1-980x662.jpg 980w, https:\/\/decker-co.de\/wp-content\/uploads\/2025\/07\/AS_922294641_800X450-1-480x324.jpg 480w\" sizes=\"(min-width: 0px) and (max-width: 480px) 480px, (min-width: 481px) and (max-width: 980px) 980px, (min-width: 981px) 1000px, 100vw\" class=\"wp-image-7127\" title=\"AS_922294641_800X450\" \/><\/span><\/div><div class=\"et_pb_heading_1 et_pb_heading et_pb_module et_block_module preset--module--divi-heading--ba4a6336-701f-47b8-bf5c-09da0ce28016\"><div class=\"et_pb_heading_container\"><h2 class=\"et_pb_module_header\">Unser Team sucht DICH<\/h2><\/div><\/div><div class=\"et_pb_text_1 et_pb_text et_pb_bg_layout_light et_pb_module et_block_module preset--module--divi-text--2c55a9c4-feed-423b-9edb-ae0b5b365cac\"><div class=\"et_pb_text_inner\"><p><strong>Zieh mit uns an einem Strang!<\/strong><\/p>\n<p>Komm in unser Team und arbeite mit am Erfolg unseres Unternehmens. Wir sind immer auf der Suche nach motivierten Mitarbeiter*innen die unser Team auf der Stra\u00dfe, im Lager oder im B\u00fcro kompetent verst\u00e4rken.<\/p>\n<\/div><\/div><div class=\"et_pb_module et_pb_button_module_wrapper et_pb_button_1_wrapper preset--module--divi-button--1bffc0fc-42a0-49d1-bd9a-ae3ade2d7206_wrapper\"><a class=\"et_pb_button_1 et_pb_button et_pb_bg_layout_light et_pb_module et_block_module preset--module--divi-button--1bffc0fc-42a0-49d1-bd9a-ae3ade2d7206\" href=\"https:\/\/decker-co.de\/de\/jobs\/\" data-icon=\"9\">Zu den Stellenangeboten<\/a><\/div><\/div><div class=\"et_pb_column_2 et_pb_column et_pb_column_1_3 et_block_column et_pb_css_mix_blend_mode_passthrough et_clickable preset--module--divi-column--50607da8-57bc-4d4b-aaef-f02e41c2cc4a\"><div class=\"et_pb_image_1 et_pb_image et_pb_module et_block_module\"><span class=\"et_pb_image_wrap\"><img loading=\"lazy\" decoding=\"async\" src=\"https:\/\/decker-co.de\/wp-content\/uploads\/2025\/07\/AS_86810169_800x450-1.jpg\" width=\"800\" height=\"540\" srcset=\"https:\/\/decker-co.de\/wp-content\/uploads\/2025\/07\/AS_86810169_800x450-1.jpg 800w, https:\/\/decker-co.de\/wp-content\/uploads\/2025\/07\/AS_86810169_800x450-1-480x324.jpg 480w\" sizes=\"(min-width: 0px) and (max-width: 480px) 480px, (min-width: 481px) 800px, 100vw\" class=\"wp-image-7128\" title=\"AS_86810169_800x450\" \/><\/span><\/div><div class=\"et_pb_heading_2 et_pb_heading et_pb_module et_block_module preset--module--divi-heading--ba4a6336-701f-47b8-bf5c-09da0ce28016\"><div class=\"et_pb_heading_container\"><h2 class=\"et_pb_module_header\">DEINE Zukunft<\/h2><\/div><\/div><div class=\"et_pb_text_2 et_pb_text et_pb_bg_layout_light et_pb_module et_block_module preset--module--divi-text--2c55a9c4-feed-423b-9edb-ae0b5b365cac\"><div class=\"et_pb_text_inner\"><p><strong>Schau mit uns voraus! Entfalte Dein Potential!<\/strong><\/p>\n<p>Mit einer Ausbildung bei <strong>decker&amp;co<\/strong> hast Du viele Vorteile und schaffst Dir optimale\u00a0 Voraussetzungen f\u00fcr eine sichere Zukunft im Berufsleben. Erfahre hier mehr \u00fcber Deine M\u00f6glichkeiten. Bewirb dich jetzt!<\/p>\n<\/div><\/div><div class=\"et_pb_module et_pb_button_module_wrapper et_pb_button_2_wrapper preset--module--divi-button--1bffc0fc-42a0-49d1-bd9a-ae3ade2d7206_wrapper\"><a class=\"et_pb_button_2 et_pb_button et_pb_bg_layout_light et_pb_module et_block_module preset--module--divi-button--1bffc0fc-42a0-49d1-bd9a-ae3ade2d7206\" href=\"https:\/\/decker-co.de\/de\/ausbildung\/\" data-icon=\"9\">Zu den Ausbildungsangeboten<\/a><\/div><\/div><div class=\"et_pb_column_3 et_pb_column et_pb_column_1_3 et-last-child et_block_column et_pb_css_mix_blend_mode_passthrough et_clickable preset--module--divi-column--50607da8-57bc-4d4b-aaef-f02e41c2cc4a\"><div class=\"et_pb_image_2 et_pb_image et_pb_module et_block_module\"><span class=\"et_pb_image_wrap\"><img loading=\"lazy\" decoding=\"async\" src=\"https:\/\/decker-co.de\/wp-content\/uploads\/2025\/07\/AS_64432633_800x450.jpg\" width=\"800\" height=\"540\" srcset=\"https:\/\/decker-co.de\/wp-content\/uploads\/2025\/07\/AS_64432633_800x450.jpg 800w, https:\/\/decker-co.de\/wp-content\/uploads\/2025\/07\/AS_64432633_800x450-480x324.jpg 480w\" sizes=\"(min-width: 0px) and (max-width: 480px) 480px, (min-width: 481px) 800px, 100vw\" class=\"wp-image-7129\" title=\"AS_64432633_800x450\" \/><\/span><\/div><div class=\"et_pb_heading_3 et_pb_heading et_pb_module et_block_module preset--module--divi-heading--ba4a6336-701f-47b8-bf5c-09da0ce28016\"><div class=\"et_pb_heading_container\"><h2 class=\"et_pb_module_header\">DU suchst neue Wege<\/h2><\/div><\/div><div class=\"et_pb_text_3 et_pb_text et_pb_bg_layout_light et_pb_module et_block_module preset--module--divi-text--2c55a9c4-feed-423b-9edb-ae0b5b365cac\"><div class=\"et_pb_text_inner\"><p><strong>Bewirb Dich initiativ!<\/strong><\/p>\n<p>Du m\u00f6chtest beruflich etwas Neues wagen.<\/p>\n<p style=\"font-weight: 400;\">Dann bist du bei uns genau richtig. Wir sind immer auf der Suche nach neuen Teammitgliedern, die Lust haben mit uns gemeinsam etwas zu erreichen. Lass uns gemeinsam etwas zu erreichen und unser Team voran bringen.<\/p>\n<\/div><\/div><div class=\"et_pb_module et_pb_button_module_wrapper et_pb_button_3_wrapper preset--module--divi-button--1bffc0fc-42a0-49d1-bd9a-ae3ade2d7206_wrapper\"><a class=\"et_pb_button_3 et_pb_button et_pb_bg_layout_light et_pb_module et_block_module preset--module--divi-button--1bffc0fc-42a0-49d1-bd9a-ae3ade2d7206\" href=\"https:\/\/speditiondecker.recruitee.com\/o\/initiativbewerbung\" target=\"_blank\" data-icon=\"9\">Zur Initiativbewerbung<\/a><\/div><\/div><\/div><\/div><div class=\"et_pb_section_2 et_pb_section et_section_regular et_block_section\"><div class=\"et_pb_row_2 et_pb_row et_block_row\"><div class=\"et_pb_column_4 et_pb_column et_pb_column_4_4 et-last-child et_block_column et_pb_css_mix_blend_mode_passthrough\"><div class=\"et_pb_text_4 et_pb_text et_pb_bg_layout_light et_pb_module et_block_module\" id=\"AP_Karriere\"><div class=\"et_pb_text_inner\"><h3>Deine Ansprechpersonen f\u00fcr Karrierew\u00fcnsche<\/h3>\n<\/div><\/div><\/div><\/div><div class=\"et_pb_row_3 et_pb_row et_block_row\"><div class=\"et_pb_column_5 et_pb_column et_pb_column_1_2 et_block_column et_pb_css_mix_blend_mode_passthrough\"><div class=\"et_pb_team_member_0 et_pb_team_member et_pb_bg_layout_light et_pb_text_align_left et_pb_module et_flex_module\"><div class=\"et_pb_team_member_image et-waypoint et_pb_animation_off\"><img loading=\"lazy\" decoding=\"async\" src=\"https:\/\/decker-co.de\/wp-content\/uploads\/2025\/07\/Trenkle_Michele.jpg\" alt=\"Mich\u00e8le Trenkle\" width=\"450\" height=\"300\" srcset=\"https:\/\/decker-co.de\/wp-content\/uploads\/2025\/07\/Trenkle_Michele.jpg 450w, https:\/\/decker-co.de\/wp-content\/uploads\/2025\/07\/Trenkle_Michele-18x12.jpg 18w, https:\/\/decker-co.de\/wp-content\/uploads\/2025\/07\/Trenkle_Michele-300x200.jpg 300w\" sizes=\"(max-width: 450px) 100vw, 450px\" class=\"wp-image-7131\" \/><\/div><div class=\"et_pb_team_member_description\"><h4 class=\"et_pb_module_header\">Mich\u00e8le Trenkle<\/h4><p class=\"et_pb_member_position\">Personal & Ausbildung<\/p><div class=\"et_pb_team_member_description_content\"><p style=\"text-align: left;\"><span style=\"color: #808080;\"><a href=\"tel:+497841202842\" style=\"color: #808080;\">+49 (0) 7841 2028-42<\/a><\/span><br \/><span style=\"color: #808080;\"><a href=\"mailto:michele.trenkle@decker-co.de, bewerbung@speditiondecker.recruitee.com\" style=\"color: #808080;\">michele.trenkle@decker-co.de<\/a><\/span><\/p>\n<\/div><\/div><\/div><\/div><div class=\"et_pb_column_6 et_pb_column et_pb_column_1_2 et-last-child et_block_column et_pb_css_mix_blend_mode_passthrough\"><div class=\"et_pb_team_member_1 et_pb_team_member et_pb_bg_layout_light et_pb_text_align_left et_pb_module et_flex_module\"><div class=\"et_pb_team_member_image et-waypoint et_pb_animation_off\"><img loading=\"lazy\" decoding=\"async\" src=\"https:\/\/decker-co.de\/wp-content\/uploads\/2025\/07\/Leppert_Felix.jpg\" alt=\"Felix Leppert\" width=\"450\" height=\"300\" srcset=\"https:\/\/decker-co.de\/wp-content\/uploads\/2025\/07\/Leppert_Felix.jpg 450w, https:\/\/decker-co.de\/wp-content\/uploads\/2025\/07\/Leppert_Felix-18x12.jpg 18w, https:\/\/decker-co.de\/wp-content\/uploads\/2025\/07\/Leppert_Felix-300x200.jpg 300w\" sizes=\"(max-width: 450px) 100vw, 450px\" class=\"wp-image-7132\" \/><\/div><div class=\"et_pb_team_member_description\"><h4 class=\"et_pb_module_header\">Felix Leppert<\/h4><p class=\"et_pb_member_position\">Ausbildung Berufskraftfahrende und Lagerpersonal<\/p><div class=\"et_pb_team_member_description_content\"><p style=\"text-align: left;\"><span style=\"color: #808080;\"><a href=\"tel:+4978412028600\" style=\"color: #808080;\">+49 (0) 7841 2028-600<\/a><\/span><br \/><span style=\"color: #808080;\"><a href=\"mailto:felix.leppert@decker-co.de\" style=\"color: #808080;\">felix.leppert@decker-co.de<\/a><\/span><\/p>\n<\/div><\/div><\/div><\/div><\/div><\/div><div class=\"et_pb_section_3 et_pb_section et_section_regular et_block_section et_clickable\"><div class=\"et_pb_row_4 et_pb_row et_block_row\"><div class=\"et_pb_column_7 et_pb_column et_pb_column_4_4 et-last-child et_block_column et_pb_css_mix_blend_mode_passthrough\"><div class=\"et_pb_divider_0 et_pb_divider et_pb_space et_pb_divider_position_center et_pb_module preset--module--divi-divider--default\"><div class=\"et_pb_divider_internal\"><\/div><\/div><div class=\"et_pb_module et_pb_button_module_wrapper et_pb_button_4_wrapper\"><a class=\"et_pb_button_4 et_pb_button et_pb_bg_layout_light et_pb_module et_block_module\" href=\"https:\/\/decker-co.de\/de\/datenschutz-bewerbung\/\" target=\"_blank\">Datenschutzhinweise f\u00fcr Bewerberinnen und Bewerber<\/a><\/div><\/div><\/div><div class=\"et_pb_row_5 et_pb_row et_block_row\"><div class=\"et_pb_column_8 et_pb_column et_pb_column_4_4 et-last-child et_block_column et_pb_css_mix_blend_mode_passthrough\"><div class=\"et_pb_text_5 et_pb_text et_pb_bg_layout_light et_clickable et_pb_module et_block_module\" id=\"AP_Karriere\"><div class=\"et_pb_text_inner\"><h3 style=\"text-align: center;\">Informationen f\u00fcr Bewerber <span>nach Art. 13 DSGVO<\/span><\/h3>\n<\/div><\/div><\/div><\/div><\/div>\n","protected":false},"excerpt":{"rendered":"","protected":false},"author":2,"featured_media":0,"parent":0,"menu_order":41,"comment_status":"closed","ping_status":"closed","template":"","meta":{"footnotes":""},"class_list":["post-7139","page","type-page","status-publish","hentry"],"_links":{"self":[{"href":"https:\/\/decker-co.de\/de\/wp-json\/wp\/v2\/pages\/7139","targetHints":{"allow":["GET"]}}],"collection":[{"href":"https:\/\/decker-co.de\/de\/wp-json\/wp\/v2\/pages"}],"about":[{"href":"https:\/\/decker-co.de\/de\/wp-json\/wp\/v2\/types\/page"}],"author":[{"embeddable":true,"href":"https:\/\/decker-co.de\/de\/wp-json\/wp\/v2\/users\/2"}],"replies":[{"embeddable":true,"href":"https:\/\/decker-co.de\/de\/wp-json\/wp\/v2\/comments?post=7139"}],"version-history":[{"count":0,"href":"https:\/\/decker-co.de\/de\/wp-json\/wp\/v2\/pages\/7139\/revisions"}],"wp:attachment":[{"href":"https:\/\/decker-co.de\/de\/wp-json\/wp\/v2\/media?parent=7139"}],"curies":[{"name":"wp","href":"https:\/\/api.w.org\/{rel}","templated":true}]}}

<div class="et_pb_section_0 et_pb_section et_section_regular et_block_section"><div class="et_pb_row_0 et_pb_row et_block_row preset--module--divi-row--048d8e79-b07f-439b-bd57-f41c14f0a56b"><div class="et_pb_column_0 et_pb_column et_pb_column_4_4 et-last-child et_block_column et_pb_css_mix_blend_mode_passthrough"><div class="et_pb_heading_0 et_pb_heading et_pb_module et_block_module preset--module--divi-heading--c33f07d9-41e0-421a-8799-5799df695cce"><div class="et_pb_heading_container"><h2 class="et_pb_module_header">Komm ins Team von decker&co</h2></div></div><div class="et_pb_text_0 et_pb_text et_pb_bg_layout_light et_pb_module et_block_module preset--module--divi-text--2c55a9c4-feed-423b-9edb-ae0b5b365cac"><div class="et_pb_text_inner"><p><span>Du  arbeitest gerne auf Augenhöhe? Möchtest ein Team das gemeinsam die Aufgaben bewältigt und sich unterstützt? Dann bist du bei uns genau richtig. Wir sind immer auf der Suche nach neuen Teammitgliedern, die Lust haben mit uns gemeinsam etwas zu erreichen. Wir möchten Dich und unser Team voran bringen. Warum? Weil wir der Meinung sind, umso besser das Team, umso schöner die Zukunft. Möchtest du ein Teil davon sein? Dann komm ins Team von <strong>decker&amp;co!</strong></span></p>
</div></div><div class="et_pb_module et_pb_button_module_wrapper et_pb_button_0_wrapper preset--module--divi-button--1bffc0fc-42a0-49d1-bd9a-ae3ade2d7206_wrapper"><a class="et_pb_button_0 et_pb_button et_pb_bg_layout_light et_pb_module et_block_module preset--module--divi-button--1bffc0fc-42a0-49d1-bd9a-ae3ade2d7206" href="#AP_Karriere" data-icon="9">Deine persönliche Ansprechperson</a></div></div></div></div><div class="et_pb_section_1 et_pb_section et_section_regular et_block_section"><div class="et_pb_row_1 et_pb_row et_pb_equal_columns et_block_row preset--module--divi-row--5138c454-be54-4233-bd3b-f8e6a8747976"><div class="et_pb_column_1 et_pb_column et_pb_column_1_3 et_block_column et_pb_css_mix_blend_mode_passthrough et_clickable preset--module--divi-column--73121f80-a3ef-4484-8763-c3f18e3c56d2"><div class="et_pb_image_0 et_pb_image et_pb_module et_block_module"><span class="et_pb_image_wrap"><img loading="lazy" decoding="async" src="https://decker-co.de/wp-content/uploads/2025/07/AS_922294641_800X450-1.jpg" width="1000" height="675" srcset="https://decker-co.de/wp-content/uploads/2025/07/AS_922294641_800X450-1.jpg 1000w, https://decker-co.de/wp-content/uploads/2025/07/AS_922294641_800X450-1-980x662.jpg 980w, https://decker-co.de/wp-content/uploads/2025/07/AS_922294641_800X450-1-480x324.jpg 480w" sizes="(min-width: 0px) and (max-width: 480px) 480px, (min-width: 481px) and (max-width: 980px) 980px, (min-width: 981px) 1000px, 100vw" class="wp-image-7127" title="AS_922294641_800X450" /></span></div><div class="et_pb_heading_1 et_pb_heading et_pb_module et_block_module preset--module--divi-heading--ba4a6336-701f-47b8-bf5c-09da0ce28016"><div class="et_pb_heading_container"><h2 class="et_pb_module_header">Unser Team sucht DICH</h2></div></div><div class="et_pb_text_1 et_pb_text et_pb_bg_layout_light et_pb_module et_block_module preset--module--divi-text--2c55a9c4-feed-423b-9edb-ae0b5b365cac"><div class="et_pb_text_inner"><p><strong>Zieh mit uns an einem Strang!</strong></p>
<p>Komm in unser Team und arbeite mit am Erfolg unseres Unternehmens. Wir sind immer auf der Suche nach motivierten Mitarbeiter*innen die unser Team auf der Straße, im Lager oder im Büro kompetent verstärken.</p>
</div></div><div class="et_pb_module et_pb_button_module_wrapper et_pb_button_1_wrapper preset--module--divi-button--1bffc0fc-42a0-49d1-bd9a-ae3ade2d7206_wrapper"><a class="et_pb_button_1 et_pb_button et_pb_bg_layout_light et_pb_module et_block_module preset--module--divi-button--1bffc0fc-42a0-49d1-bd9a-ae3ade2d7206" href="https://decker-co.de/de/jobs/" data-icon="9">Zu den Stellenangeboten</a></div></div><div class="et_pb_column_2 et_pb_column et_pb_column_1_3 et_block_column et_pb_css_mix_blend_mode_passthrough et_clickable preset--module--divi-column--50607da8-57bc-4d4b-aaef-f02e41c2cc4a"><div class="et_pb_image_1 et_pb_image et_pb_module et_block_module"><span class="et_pb_image_wrap"><img loading="lazy" decoding="async" src="https://decker-co.de/wp-content/uploads/2025/07/AS_86810169_800x450-1.jpg" width="800" height="540" srcset="https://decker-co.de/wp-content/uploads/2025/07/AS_86810169_800x450-1.jpg 800w, https://decker-co.de/wp-content/uploads/2025/07/AS_86810169_800x450-1-480x324.jpg 480w" sizes="(min-width: 0px) and (max-width: 480px) 480px, (min-width: 481px) 800px, 100vw" class="wp-image-7128" title="AS_86810169_800x450" /></span></div><div class="et_pb_heading_2 et_pb_heading et_pb_module et_block_module preset--module--divi-heading--ba4a6336-701f-47b8-bf5c-09da0ce28016"><div class="et_pb_heading_container"><h2 class="et_pb_module_header">DEINE Zukunft</h2></div></div><div class="et_pb_text_2 et_pb_text et_pb_bg_layout_light et_pb_module et_block_module preset--module--divi-text--2c55a9c4-feed-423b-9edb-ae0b5b365cac"><div class="et_pb_text_inner"><p><strong>Schau mit uns voraus! Entfalte Dein Potential!</strong></p>
<p>Mit einer Ausbildung bei <strong>decker&amp;co</strong> hast Du viele Vorteile und schaffst Dir optimale  Voraussetzungen für eine sichere Zukunft im Berufsleben. Erfahre hier mehr über Deine Möglichkeiten. Bewirb dich jetzt!</p>
</div></div><div class="et_pb_module et_pb_button_module_wrapper et_pb_button_2_wrapper preset--module--divi-button--1bffc0fc-42a0-49d1-bd9a-ae3ade2d7206_wrapper"><a class="et_pb_button_2 et_pb_button et_pb_bg_layout_light et_pb_module et_block_module preset--module--divi-button--1bffc0fc-42a0-49d1-bd9a-ae3ade2d7206" href="https://decker-co.de/de/ausbildung/" data-icon="9">Zu den Ausbildungsangeboten</a></div></div><div class="et_pb_column_3 et_pb_column et_pb_column_1_3 et-last-child et_block_column et_pb_css_mix_blend_mode_passthrough et_clickable preset--module--divi-column--50607da8-57bc-4d4b-aaef-f02e41c2cc4a"><div class="et_pb_image_2 et_pb_image et_pb_module et_block_module"><span class="et_pb_image_wrap"><img loading="lazy" decoding="async" src="https://decker-co.de/wp-content/uploads/2025/07/AS_64432633_800x450.jpg" width="800" height="540" srcset="https://decker-co.de/wp-content/uploads/2025/07/AS_64432633_800x450.jpg 800w, https://decker-co.de/wp-content/uploads/2025/07/AS_64432633_800x450-480x324.jpg 480w" sizes="(min-width: 0px) and (max-width: 480px) 480px, (min-width: 481px) 800px, 100vw" class="wp-image-7129" title="AS_64432633_800x450" /></span></div><div class="et_pb_heading_3 et_pb_heading et_pb_module et_block_module preset--module--divi-heading--ba4a6336-701f-47b8-bf5c-09da0ce28016"><div class="et_pb_heading_container"><h2 class="et_pb_module_header">DU suchst neue Wege</h2></div></div><div class="et_pb_text_3 et_pb_text et_pb_bg_layout_light et_pb_module et_block_module preset--module--divi-text--2c55a9c4-feed-423b-9edb-ae0b5b365cac"><div class="et_pb_text_inner"><p><strong>Bewirb Dich initiativ!</strong></p>
<p>Du möchtest beruflich etwas Neues wagen.</p>
<p style="font-weight: 400;">Dann bist du bei uns genau richtig. Wir sind immer auf der Suche nach neuen Teammitgliedern, die Lust haben mit uns gemeinsam etwas zu erreichen. Lass uns gemeinsam etwas zu erreichen und unser Team voran bringen.</p>
</div></div><div class="et_pb_module et_pb_button_module_wrapper et_pb_button_3_wrapper preset--module--divi-button--1bffc0fc-42a0-49d1-bd9a-ae3ade2d7206_wrapper"><a class="et_pb_button_3 et_pb_button et_pb_bg_layout_light et_pb_module et_block_module preset--module--divi-button--1bffc0fc-42a0-49d1-bd9a-ae3ade2d7206" href="https://speditiondecker.recruitee.com/o/initiativbewerbung" target="_blank" data-icon="9">Zur Initiativbewerbung</a></div></div></div></div><div class="et_pb_section_2 et_pb_section et_section_regular et_block_section"><div class="et_pb_row_2 et_pb_row et_block_row"><div class="et_pb_column_4 et_pb_column et_pb_column_4_4 et-last-child et_block_column et_pb_css_mix_blend_mode_passthrough"><div class="et_pb_text_4 et_pb_text et_pb_bg_layout_light et_pb_module et_block_module" id="AP_Karriere"><div class="et_pb_text_inner"><h3>Deine Ansprechpersonen für Karrierewünsche</h3>
</div></div></div></div><div class="et_pb_row_3 et_pb_row et_block_row"><div class="et_pb_column_5 et_pb_column et_pb_column_1_2 et_block_column et_pb_css_mix_blend_mode_passthrough"><div class="et_pb_team_member_0 et_pb_team_member et_pb_bg_layout_light et_pb_text_align_left et_pb_module et_flex_module"><div class="et_pb_team_member_image et-waypoint et_pb_animation_off"><img loading="lazy" decoding="async" src="https://decker-co.de/wp-content/uploads/2025/07/Trenkle_Michele.jpg" alt="Michèle Trenkle" width="450" height="300" srcset="https://decker-co.de/wp-content/uploads/2025/07/Trenkle_Michele.jpg 450w, https://decker-co.de/wp-content/uploads/2025/07/Trenkle_Michele-18x12.jpg 18w, https://decker-co.de/wp-content/uploads/2025/07/Trenkle_Michele-300x200.jpg 300w" sizes="(max-width: 450px) 100vw, 450px" class="wp-image-7131" /></div><div class="et_pb_team_member_description"><h4 class="et_pb_module_header">Michèle Trenkle</h4><p class="et_pb_member_position">Personal & Ausbildung</p><div class="et_pb_team_member_description_content"><p style="text-align: left;"><span style="color: #808080;"><a href="tel:+497841202842" style="color: #808080;">+49 (0) 7841 2028-42</a></span><br /><span style="color: #808080;"><a href="mailto:michele.trenkle@decker-co.de, bewerbung@speditiondecker.recruitee.com" style="color: #808080;">michele.trenkle@decker-co.de</a></span></p>
</div></div></div></div><div class="et_pb_column_6 et_pb_column et_pb_column_1_2 et-last-child et_block_column et_pb_css_mix_blend_mode_passthrough"><div class="et_pb_team_member_1 et_pb_team_member et_pb_bg_layout_light et_pb_text_align_left et_pb_module et_flex_module"><div class="et_pb_team_member_image et-waypoint et_pb_animation_off"><img loading="lazy" decoding="async" src="https://decker-co.de/wp-content/uploads/2025/07/Leppert_Felix.jpg" alt="Felix Leppert" width="450" height="300" srcset="https://decker-co.de/wp-content/uploads/2025/07/Leppert_Felix.jpg 450w, https://decker-co.de/wp-content/uploads/2025/07/Leppert_Felix-18x12.jpg 18w, https://decker-co.de/wp-content/uploads/2025/07/Leppert_Felix-300x200.jpg 300w" sizes="(max-width: 450px) 100vw, 450px" class="wp-image-7132" /></div><div class="et_pb_team_member_description"><h4 class="et_pb_module_header">Felix Leppert</h4><p class="et_pb_member_position">Ausbildung Berufskraftfahrende und Lagerpersonal</p><div class="et_pb_team_member_description_content"><p style="text-align: left;"><span style="color: #808080;"><a href="tel:+4978412028600" style="color: #808080;">+49 (0) 7841 2028-600</a></span><br /><span style="color: #808080;"><a href="mailto:felix.leppert@decker-co.de" style="color: #808080;">felix.leppert@decker-co.de</a></span></p>
</div></div></div></div></div></div><div class="et_pb_section_3 et_pb_section et_section_regular et_block_section et_clickable"><div class="et_pb_row_4 et_pb_row et_block_row"><div class="et_pb_column_7 et_pb_column et_pb_column_4_4 et-last-child et_block_column et_pb_css_mix_blend_mode_passthrough"><div class="et_pb_divider_0 et_pb_divider et_pb_space et_pb_divider_position_center et_pb_module preset--module--divi-divider--default"><div class="et_pb_divider_internal"></div></div><div class="et_pb_module et_pb_button_module_wrapper et_pb_button_4_wrapper"><a class="et_pb_button_4 et_pb_button et_pb_bg_layout_light et_pb_module et_block_module" href="https://decker-co.de/de/datenschutz-bewerbung/" target="_blank">Datenschutzhinweise für Bewerberinnen und Bewerber</a></div></div></div><div class="et_pb_row_5 et_pb_row et_block_row"><div class="et_pb_column_8 et_pb_column et_pb_column_4_4 et-last-child et_block_column et_pb_css_mix_blend_mode_passthrough"><div class="et_pb_text_5 et_pb_text et_pb_bg_layout_light et_clickable et_pb_module et_block_module" id="AP_Karriere"><div class="et_pb_text_inner"><h3 style="text-align: center;">Informationen für Bewerber <span>nach Art. 13 DSGVO</span></h3>
</div></div></div></div></div>
